{"id":55,"date":"2022-11-07T17:13:59","date_gmt":"2022-11-07T16:13:59","guid":{"rendered":"https:\/\/evjetkd.no\/?page_id=55"},"modified":"2023-05-10T14:07:01","modified_gmt":"2023-05-10T12:07:01","slug":"medlemsinformasjon","status":"publish","type":"page","link":"https:\/\/evjetkd.no\/?page_id=55","title":{"rendered":"Medlemsinformasjon"},"content":{"rendered":"\n<div class=\"wp-block-group has-global-padding is-layout-constrained wp-block-group-is-layout-constrained\">\n<h4 class=\"wp-block-heading\"><strong>Informasjon og treningstider<\/strong><\/h4>\n\n\n\n<div class=\"wp-block-group has-global-padding is-layout-constrained wp-block-group-is-layout-constrained\">\n<p>Nedre grense for deltakelse i Evje Taekwondo klubb er h\u00f8sten barnet begynner i 5. klasse. Vi anbefaler at noen f\u00f8lger barnet p\u00e5 sine f\u00f8rste treninger.<br><br>Voksne nybegynnere er ogs\u00e5 velkomne!<br><br>Det er lov til \u00e5 pr\u00f8ve seg i 1-2 uker f\u00f8r man m\u00e5 melde seg inn i klubben for \u00e5 trene videre.<br><br>Ta med egen drikkeflaske til trening.<br>Vi trener barbeint &#8211; det er derfor viktig med rene f\u00f8tter og nyklipte negler.<br><br><strong>Treningstider:<\/strong><br>Mandag: 19.30-21.00 (Voksentrening, Bl\u00e5tt belte &#8211; Svart belte)<br><br>Tirsdag: 17.30-19.00 (Fellestrening, Hvitt belte &#8211; Svart belte)<br><br>Fredag: 17.30-19.00 (Fellestrening, Hvitt belte &#8211; Svart belte)<br><br><em>Klubben gj\u00f8r individuelle vurderinger for medlemmer i de forskjellige gruppene. Det kan derfor v\u00e6re at enkelte medlemmer trener sammen med annen gruppe p\u00e5 oppfordring fra instrukt\u00f8r\/master.<\/em><br><br><strong>Medlemsoversikt:<\/strong><br>Klubben bruker spond til \u00e5 holde oversikt over treninger og aktiviteter. <br>Registrer deg eller ditt barn for \u00e5 f\u00e5 oversikt.<br>Gruppekode: NWRVQ<br><br><strong>Innmeldingsskjema<\/strong><br>F\u00f8lg <a rel=\"noreferrer noopener\" href=\"https:\/\/forms.gle\/r8QHf1KWAofD9t6s9\" data-type=\"URL\" data-id=\"https:\/\/forms.gle\/r8QHf1KWAofD9t6s9\" target=\"_blank\">denne linken<\/a> for \u00e5 registrere deg eller ditt barn i Evje Taekwondo Klubb.<br>NB! Medlemskapet er ikke godkjent f\u00f8r du har mottatt mail med bekreftelse.<\/p>\n<\/div>\n<\/div>\n\n\n\n<div class=\"wp-block-group has-global-padding is-layout-constrained wp-block-group-is-layout-constrained\">\n<div style=\"height:39px\" aria-hidden=\"true\" class=\"wp-block-spacer\"><\/div>\n\n\n\n<div class=\"wp-block-group has-global-padding is-layout-constrained wp-block-group-is-layout-constrained\">\n<h4 class=\"wp-block-heading\"><strong>Dojang regler<\/strong><\/h4>\n\n\n\n<ol class=\"wp-block-list\">\n<li>Vi setter sko langs veggen og henger opp jakker p\u00e5 knaggene i gangen f\u00f8r vi g\u00e5r inn.<\/li>\n\n\n\n<li>Vi hilser p\u00e5 flagg og h\u00f8yest gradert n\u00e5r vi g\u00e5r inn og ut av dojangen.<\/li>\n\n\n\n<li>Vi har rene f\u00f8tter og ren drakt p\u00e5 trening. Neglene skal v\u00e6re klipt korte.<\/li>\n\n\n\n<li>Vi har med egen drikkeflaske til trening.<\/li>\n\n\n\n<li>Vi lytter til instrukt\u00f8ren og forstyrrer ikke treningen.<\/li>\n\n\n\n<li>Vi behandler de andre som trener med respekt.<\/li>\n\n\n\n<li>Vi behandler utstyret vi bruker med respekt.<\/li>\n<\/ol>\n<\/div>\n\n\n\n<div style=\"height:53px\" aria-hidden=\"true\" class=\"wp-block-spacer\"><\/div>\n\n\n\n<div class=\"wp-block-group has-global-padding is-layout-constrained wp-block-group-is-layout-constrained\">\n<div class=\"wp-block-group has-global-padding is-layout-constrained wp-block-group-is-layout-constrained\">\n<h4 class=\"wp-block-heading has-large-font-size\" style=\"font-style:normal;font-weight:700\"><strong>Medlemskontigent<\/strong><\/h4>\n<\/div>\n\n\n\n<div class=\"wp-block-group has-global-padding is-layout-constrained wp-block-group-is-layout-constrained\">\n<p><em>Hvert \u00e5r deles opp i 2 semester: V\u00e5r og h\u00f8st.<\/em><br><br><strong>Priser:<\/strong><br>Barn (under 12 \u00e5r): 500,- per semester.<br>Ungdom (12-18 \u00e5r): 550,- per semester.<br>Voksne: 600,- per semester.<br><br>Betalingsfrist v\u00e5rsemester: <strong>1. mars.<\/strong><br>Betalingsfrist h\u00f8stsemester: <strong>1. oktober.<\/strong><br><br><strong>Betalingsinformasjon:<\/strong><br>Kontigenten faktureres via Klubbadmin\/min idrett &#8211; du vil f\u00e5 faktura p\u00e5 epost.<br><\/p>\n<\/div>\n<\/div>\n<\/div>\n\n\n\n<div style=\"height:38px\" aria-hidden=\"true\" class=\"wp-block-spacer\"><\/div>\n\n\n\n<h4 class=\"wp-block-heading\"><strong>Drakt<\/strong><\/h4>\n\n\n\n<p>Du kan f\u00e5 kj\u00f8pt nybegynnerdrakt direkte fra klubben &#8211; snakk med din instrukt\u00f8r. Pris er 400,- og da f\u00e5r du drakt, hvitt belte og n\u00f8dvendige draktmerker.<\/p>\n","protected":false},"excerpt":{"rendered":"<p>Informasjon og treningstider Nedre grense for deltakelse i Evje Taekwondo klubb er h\u00f8sten barnet begynner i 5. klasse. Vi anbefaler at noen f\u00f8lger barnet p\u00e5 sine f\u00f8rste treninger. Voksne nybegynnere er ogs\u00e5 velkomne! Det er lov til \u00e5 pr\u00f8ve seg i 1-2 uker f\u00f8r man m\u00e5 melde seg inn i klubben for \u00e5 trene videre. [&hellip;]<\/p>\n","protected":false},"author":2,"featured_media":0,"parent":0,"menu_order":0,"comment_status":"closed","ping_status":"closed","template":"","meta":{"footnotes":""},"class_list":["post-55","page","type-page","status-publish","hentry"],"_links":{"self":[{"href":"https:\/\/evjetkd.no\/index.php?rest_route=\/wp\/v2\/pages\/55","targetHints":{"allow":["GET"]}}],"collection":[{"href":"https:\/\/evjetkd.no\/index.php?rest_route=\/wp\/v2\/pages"}],"about":[{"href":"https:\/\/evjetkd.no\/index.php?rest_route=\/wp\/v2\/types\/page"}],"author":[{"embeddable":true,"href":"https:\/\/evjetkd.no\/index.php?rest_route=\/wp\/v2\/users\/2"}],"replies":[{"embeddable":true,"href":"https:\/\/evjetkd.no\/index.php?rest_route=%2Fwp%2Fv2%2Fcomments&post=55"}],"version-history":[{"count":7,"href":"https:\/\/evjetkd.no\/index.php?rest_route=\/wp\/v2\/pages\/55\/revisions"}],"predecessor-version":[{"id":164,"href":"https:\/\/evjetkd.no\/index.php?rest_route=\/wp\/v2\/pages\/55\/revisions\/164"}],"wp:attachment":[{"href":"https:\/\/evjetkd.no\/index.php?rest_route=%2Fwp%2Fv2%2Fmedia&parent=55"}],"curies":[{"name":"wp","href":"https:\/\/api.w.org\/{rel}","templated":true}]}}